n divisor of q and 50?
25
Suppose 3*s = 2*f + s, -2*s = -8. Suppose 0 = -f*l + 1 + 7. Suppose -5*p - 22 - l = -k, -2*k = 2*p - 24. Calculate the greatest common factor of 35 and k.
7
Suppose 5*w + 8 = 18. Suppose -w*m = 3*o - 49, -2*o - 106 = -7*m + 3*m. What is the highest common factor of m and 13?
13
Let m(s) = 31*s + 4. Let f be m(-27). Let k = 1259 + f. Suppose 5*h - 2*g + 5*g - 398 = 0, 4*g = 5*h - k. Calculate the highest common factor of 205 and h.
41
Let b(m) = -81*m + 4542. Let i be b(33). What is the highest common divisor of i and 42?
21
Let v(z) = 5*z**3 + 30*z**2 + z + 8. Let x be v(-6). Suppose x*p = -3*r + 136, -5*p + 13*r + 319 = 10*r. What is the greatest common divisor of 325 and p?
65
Let z = -3581 - -3637. What is the greatest common divisor of z and 4172?
28
Let z(f) = -4*f**3 + f**2 - 1. Let p be z(-1). Let i be (-2872)/61748 + (-1724)/(-86). Calculate the greatest common factor of p and i.
4
Suppose -s - 55 + 55 = 0. Suppose j + 4*o = -s*j, -o + 12 = j. Suppose 4*m - 16 = j. What is the highest common factor of 72 and m?
8
Suppose -48*h = -86*h + 48*h - 123740. Calculate the greatest common factor of 46 and h.
46
Suppose -5*w + 13*w = 120. Let u = 131 - 55. Suppose x = u + 224. What is the highest common divisor of w and x?
15
Suppose 1393 = -5*i + 2*w, -274 = i - 0*i - 5*w. Let j = -259 - i. What is the highest common divisor of 10 and j?
10
Let g(z) = -28*z - 19. Let u be g(-6). Let n = u - 74. Suppose 26 = t + 4*a, 4*t + 13 - n = 5*a. Calculate the greatest common divisor of 45 and t.
9
Suppose -4*n = 4*s - 48, 4*s + n = 9*s - 84. What is the highest common divisor of 3 and s?
1
Let f = 15 - -34. Let k be 6/(-4) + (-45)/10. Let c be (14/k)/(((-2)/(-1))/(-6)). What is the highest common divisor of f and c?
7
Suppose -8*q - 2667 = -k - 5*q, 4*k - q = 10690. Calculate the highest common divisor of k and 132.
33
Let n be (3/(-6))/(2/(-13880)). Suppose -13*u = -326 - n. What is the highest common divisor of 73 and u?
73
Let n be (141 - 114) + 7*1*-1. Let b = 2 - -4. Let l = b - 2. What is the highest common factor of n and l?
4
Suppose 0 = -215*y + 203*y + 3888. Calculate the highest common divisor of 81 and y.
81
Suppose -2*f + 8 = 2*d, d - 5*f = -0*d + 4. Suppose 5*z + k - 764 = 0, 4*k - 5*k = d*z - 611. What is the greatest common divisor of 34 and z?
17
Suppose 5*d = -b + d - 260, 0 = -b + 5*d - 224. Let r = b + 284. Let y be (2/1)/((-2)/(-440)). What is the greatest common divisor of y and r?
40
Let j(o) = -2*o**3 - 5*o**2 + 5*o + 5. Let s be j(-5). Let d(b) = 69*b - 4. Let g be d(2). Let h = -92 + g. Calculate the greatest common divisor of s and h.
21
Let y be 3/(6/4500*5). What is the greatest common factor of y and 72?
18
Let p = 169 + -257. Let d = p - -153. Let q(a) = a**3 + 26. Let z be q(0). Calculate the greatest common factor of z and d.
13
Let n(i) = 3*i**2 - 18*i + 7. Suppose -5*g = -4*w - 19, -11 + 66 = 5*g + 5*w. Let q be n(g). What is the highest common divisor of q and 16?
4
Suppose -746*u = 2*q - 742*u - 23598, -23598 = -2*q + 4*u. Calculate the highest common factor of 276 and q.
69
Let o(f) = -7*f + 9. Let g be o(-8). Let q be 1/((-2)/(-8)) - 3. Let w be 0 + q - (-25 - 0). What is the greatest common divisor of w and g?
13
Let w be 29/3*3*2. Let s(h) = 13*h**2 - 123*h + 10. Let y be s(9). Let u = y + w. What is the highest common factor of u and 154?
14
Let d be (0 - 2) + -183*(-4)/12. Suppose -d = -2*u + 5*o, -4 = -5*u - 2*o + 71. What is the greatest common divisor of 17 and u?
17
Suppose -30*t - 16 = -3*z - 35*t, 0 = -4*z - 3*t + 14. Suppose o - 45 = -5*r, 4*o + z*r = -22 + 112. What is the highest common factor of o and 740?
20
Let b(f) = 20*f + 1200. Let i be b(-45). Calculate the greatest common factor of 3700 and i.
100
Suppose 0 = 4*m + 537 - 1685. What is the greatest common factor of 91 and m?
7
Suppose -386 = -5*w + 2*v, 4*w - 3*v = -v + 310. Suppose -w*p = -75*p - 34. Let y be (-195)/(-130)*(-2)/(-6)*p. What is the greatest common factor of 85 and y?
17
Let r = 52 + 95. Let d(k) = k**3 + 5*k**2 + 443*k + 3220. Let i be d(-7). What is the highest common factor of r and i?
21
Suppose -3*i - 4*l + 50 = 0, -85*l - 106 = -3*i - 81*l. What is the greatest common factor of 1118 and i?
26
Let m(r) = -2*r + 36. Let j be m(17). Suppose -j*c - 94 + 12 = 0. Let q = c + 43. Calculate the highest common factor of q and 18.
2
Let b be (-3)/((-5)/((-10)/(-2))). Suppose 0 = -b*w - w + 2*w. Suppose 4*l = -w*l + 300. What is the greatest common factor of 30 and l?
15
Let c be (12/6 + -4)*(-368)/32. Calculate the highest common factor of c and 19205.
23
Suppose 100*n - 1277 + 2401 = 2324. Suppose -3*l = -2*l - 5. Let s(f) = 3*f**2 + 2*f - 1. Let g be s(l). Calculate the highest common divisor of g and n.
12
Let w be 8/56 - (-1022086)/182. Calculate the greatest common factor of w and 780.
156
Let n be (-1636)/(-9) + (-5)/180*-8. Let w = n + -118. Let d = 99 - w. What is the highest common factor of 35 and d?
35
Suppose 2*g = -u + 4, -u - 1 = -g + 1. Suppose -3*p - g = a, -2*a + 4*p = -p + 4. Let o be a*(-9)/6 - (1 + -61). What is the highest common factor of o and 7?
7
Let o = 6 - 2. Let h(u) = -u**2 + 11*u + 9. Let g be h(7). Suppose 63 = 5*m - g. What is the highest common divisor of m and o?
4
Let t be ((-1)/3*(69 - 30))/(-1). Calculate the greatest common factor of 2509 and t.
13
Suppose q = -4*y + 48, 56*y = 55*y - 4*q + 12. Calculate the greatest common factor of 54 and y.
6
Let p(r) = -182*r + 2235. Let g be p(7). What is the greatest common factor of 837 and g?
31
Let w(z) = -107*z - 1452. Let c be w(-20). What is the greatest common factor of c and 12212?
172
Suppose 0 = 2*v - 4*k - 0*k - 1018, 6*k + 1014 = 2*v. What is the greatest common factor of 912 and v?
57
Let z = -57291 - -57408. Suppose 2*l = 3*l - 9. Calculate the greatest common divisor of l and z.
9
Let n(w) be the third derivative of w**5/60 + 19*w**4/24 + 32*w**3/3 - 4*w**2 + 1. Let g be n(-16). What is the highest common factor of 40 and g?
8
Let y(d) = 7*d**3 - 2*d**2 - d - 1. Let a be y(2). Let w be (1 - 25/(-15))*(-108)/(-8). What is the greatest common factor of a and w?
9
Suppose 0 = 2*j + 5*z + 10 - 31, -2*j + 5*z = -31. Let x = j + -7. Suppose -6*i + i + 68 = 4*a, 0 = 2*a + x. What is the highest common divisor of i and 64?
16
Let o(c) = -987 + 986 + 43*c + 0*c**2 - 6*c**2. Let u be o(7). Calculate the greatest common factor of u and 2.
2
Let n be (50/(-15))/(-5)*39*2. Let r = -12 + n. Calculate the highest common factor of 64 and r.
8
Let g(q) = 8*q**2 + 304*q - 304*q - 5 + 2. Let t be g(4). What is the greatest common factor of 50 and t?
25
Let f(g) = 2309*g - 4563. Let w be f(3). What is the greatest common factor of 84 and w?
12
Let v be (356/623)/((-1)/(-1071)). What is the highest common factor of v and 54?
18
Let f(a) = 17*a + 2156. Let l be f(-52). What is the highest common divisor of l and 36?
12
Let l(h) = 10*h**2 - 116*h - 70. Let o be l(20). What is the highest common divisor of o and 350?
70
Suppose 0 = -2*q + 2*z + 60, 0 = -0*q + 4*q + z - 95. Let p be (-5)/q + 8937/(-15) + 1. Let m = -363 - p. Calculate the greatest common factor of m and 29.
29
Let h = -4667 + 4673. Calculate the highest common factor of 256 and h.
2
Let n(t) = t**3 - 8*t**2 - 4*t + 11. Let s be n(8). Let q be (-14)/s*(15 + 3). What is the greatest common factor of q and 32?
4
Suppose 112 = -293*n + 291*n. Let p = 315 + n. What is the highest common factor of p and 37?
37
Let q(z) = -3*z**2 + 35*z - 30. Let m be q(9). Let o be (-3)/((-495)/(-168) - 3). What is the greatest common divisor of m and o?
14
Let h(l) = 1617 + 66*l - 3237 + 1587. Let o be h(1). Let w(y) = -4*y - 1. Let i be w(-1). What is the highest common divisor of i and o?
3
Let m(p) = -5*p + 11 - p**2 + 3*p - 9 - 4*p. Let s be m(-6). Let w = 29139 + -29121. What is the highest common factor of s and w?
2
Suppose 4*r - 2*z - 7502 = 0, -4*z = -7*z + 3. Suppose -13*p = -41*p + r. What is the greatest common factor of 603 and p?
67
Let u(b) = -29*b + 272. Let k be u(9). Suppose -2*r - k*r + 15379 = 0. Calculate the greatest common factor of 91 and r.
91
Suppose 35472 = 173*a + 12605 - 45987. Calculate the greatest common factor of 10547 and a.
199
Let m(h) = h + 155. Let d be 